
8
Let a(t) = -t**3 + 5*t**2 + 155*t - 69. Determine a(15).
6
Let j(f) = 1583*f - 1584. Determine j(1).
-1
Let p(j) = -j**2 - 28*j - 107. Give p(-23).
8
Let f(y) = -8*y**2 - 71*y - 109. Give f(-7).
-4
Let d(f) = -382*f + 17. What is d(0)?
17
Let u(i) = -18*i**2 + 12*i - 8. What is u(3)?
-134
Let o(l) = -2*l**2 - 78*l - 23. What is o(-38)?
53
Let g(f) = -3*f**2 - 1083*f + 2168. Determine g(-363).
-10
Let b(p) = 2*p**3 + 30*p**2 + 87*p - 27. Calculate b(-11).
-16
Let s(v) = 19*v + 338. Determine s(-19).
-23
Let c(r) = 9*r - 448. Calculate c(50).
2
Let b(w) = -470*w + 11765. Give b(25).
15
Let x(v) = -2*v**3 + v**2 + 4*v + 10. Give x(-5).
265
Let g(q) = 3*q**3 + 163*q**2 + 52*q - 52. Calculate g(-54).
56
Let v(c) = 1445*c + 41917. What is v(-29)?
12
Let n(p) = p**3 + 92*p**2 + 585*p - 850. Give n(-85).
0
Let r(v) = v**2 + 48*v - 3575. Give r(-88).
-55
Let l(f) = -f - 105. Give l(7).
-112
Let s(q) = -q**3 + 98*q**2 - 186*q - 576. What is s(96)?
0
Let o(a) = 111*a - 746. Calculate o(13).
697
Let s(i) = -i**3 - 23*i**2 - 25*i - 74. Give s(-22).
-8
Let z(n) = -1467*n + 1479. Calculate z(1).
12
Let d(w) = -469*w + 451. Calculate d(1).
-18
Let r(z) = -2*z**3 + 20*z**2 + 5*z - 32. Calculate r(10).
18
Let i(p) = 4*p**2 - 148*p + 275. Determine i(35).
-5
Let z(b) = 19*b - 80. Calculate z(3).
-23
Let p(l) = -53*l + 1513. What is p(29)?
-24
Let l(t) = t**2 + 53*t - 233. Calculate l(4).
-5
Let h(m) = m**3 + 13*m**2 - 31*m. Determine h(2).
-2
Let z(t) = 93*t - 18047. Give z(194).
-5
Let w(i) = -125*i - 84. What is w(-6)?
666
Let o(q) = -12*q**2 + 161*q - 72. Determine o(13).
-7
Let r(w) = 2*w**2 - 114*w - 355. What is r(-3)?
5
Let v(n) = -366*n - 2525. What is v(-7)?
37
Let a(v) = 2*v**3 + 43*v**2 - 32*v - 20. Give a(-22).
200
Let p(a) = 4*a**3 - 16*a**2 - 11*a - 17. Determine p(5).
28
Let h(q) = q**3 + q**2 - 73*q - 8. Determine h(-10).
-178
Let w(c) = c**3 + 3*c**2 + 6*c - 5. Calculate w(-5).
-85
Let c(u) = 3*u - 17. Determine c(-7).
-38
Let g(t) = -2*t**3 + 79*t**2 - 115*t - 23. Determine g(38).
-61
Let i(m) = 38*m + 772. Give i(-21).
-26
Let l(s) = -87*s**3 + 1394*s**2 - 31*s - 4. What is l(16)?
12
Let v(n) = -2*n**2 - 19*n - 34. Give v(-2).
-4
Let x(z) = -16*z**3 - 12*z**2 - 16*z - 5. What is x(-1)?
15
Let w(u) = -247*u + 6670. Give w(27).
1
Let g(d) = 17*d + 649. Give g(-39).
-14
Let v(n) = -2*n**3 + 45*n**2 - 194*n + 2. Give v(5).
-93
Let f(d) = -d**3 - 47*d**2 - 259*d - 58. Give f(-6).
20
Let d(i) = i**2 + 179*i + 7742. Give d(-106).
4
Let u(q) = -q**3 - 9*q**2 - 6*q - 36. Calculate u(-8).
-52
Let b(i) = 17*i**2 + 94*i. Determine b(-4).
-104
Let b(x) = -5*x**2 + 255*x - 2808. Calculate b(35).
-8
Let m(w) = w**2 - 46*w + 463. What is m(15)?
-2
Let r(l) = l**3 - 11*l**2 - 6*l - 8. Give r(8).
-248
Let r(w) = 485*w + 4357. Calculate r(-9).
-8
Let q(c) = 9794*c - 39172. What is q(4)?
4
Let j(n) = -13*n**2 - 789*n + 293. What is j(-61)?
49
Let w(r) = 2*r**3 - 12*r**2 + 33*r - 15. Determine w(6).
183
Let p(q) = -4*q + 155. Determine p(5).
135
Let j(l) = l**3 + 15*l**2 + 44*l - 69. Calculate j(-10).
-9
Let c(r) = 6*r**3 + 30*r**2 + 3*r - 35. What is c(-5)?
-50
Let c(x) = x**2 + 27*x + 17. Give c(-6).
-109
Let d(v) = v**3 + 21*v**2 - 12*v + 65. Determine d(-22).
-155
Let k(x) = 3*x**2 - 23*x + 187. Calculate k(11).
297
Let h(d) = -d**3 + 51*d**2 - 44*d + 2244. What is h(51)?
0
Let j(g) = 47*g - 108. What is j(2)?
-14
Let s(x) = 3*x**3 - 51*x**2 + 8*x - 93. Calculate s(17).
43
Let d(w) = w**3 - 21*w**2 + 40*w - 32. Give d(19).
6
Let h(f) = 125*f + 1187. Determine h(-9).
62
Let p(j) = -j**3 - 81*j**2 - 102*j - 1772. Determine p(-80).
-12
Let v(a) = 141*a**3 + a**2 + 23*a + 23. Determine v(-1).
-140
Let v(s) = 206*s - 1290. Calculate v(6).
-54
Let p(x) = -56*x**2 + 2188*x - 160. What is p(39)?
-4
Let y(w) = 5*w**3 + 23*w**2 + 61*w + 226. Give y(-4).
30
Let d(n) = 16*n + 1533. What is d(-96)?
-3
Let v(b) = -b**2 + 70*b - 921. Determine v(55).
-96
Let i(c) = c**3 - 6*c**2 - 85*c + 564. Calculate i(7).
18
Let w(c) = 268*c - 19568. What is w(73)?
-4
Let u(g) = 22*g**2 - 1614*g + 593. Determine u(73).
9
Let i(l) = -2*l**2 - 195*l + 396. Determine i(2).
-2
Let r(i) = 2*i**3 + 29*i**2 - 56*i + 2. What is r(2)?
22
Let c(x) = 97*x**3 - 3*x**2 - 15*x - 24. Give c(-2).
-782
Let g(r) = -1487*r + 32691. Calculate g(22).
-23
Let k(q) = -q - 162. What is k(19)?
-181
Let d(j) = -2*j**2 + 81*j + 561. Calculate d(47).
-50
Let x(m) = -7*m**2 + 179*m + 30. Give x(26).
-48
Let b(n) = -n**3 + 3*n**2 + 186*n + 626. Determine b(-4).
-6
Let a(h) = 2*h**3 + 34*h**2 + 143*h + 3. Determine a(-9).
12
Let z(d) = 2*d**3 + 16*d**2 + 12*d - 65. Calculate z(-4).
15
Let m(y) = -36*y + 3235. Calculate m(90).
-5
Let i(y) = 2*y**2 + 15*y - 75. Calculate i(8).
173
Let m(z) = z**3 + 68*z**2 - 525*z + 10. What is m(-75)?
10
Let o(t) = -2*t**2 + 27*t - 87. Calculate o(7).
4
Let c(l) = -l**3 - 7*l**2 + 5*l - 17. Give c(-11).
412
Let u(x) = -2*x**3 + 16*x**2 + 18*x - 124. Give u(8).
20
Let q(o) = -2*o**3 + 38*o**2 - 43*o + 46. Determine q(18).
-80
Let a(n) = -2*n**3 - 40*n**2 + 4*n + 101. Calculate a(-20).
21
Let m(v) = v**3 + 24*v**2 + 19*v - 181. Give m(-23).
-89
Let x(w) = 147*w - 80. Give x(0).
-80
Let l(r) = -2*r**2 - 12*r - 51. What is l(-5)?
-41
Let q(c) = 2*c**2 - 5*c - 15. Calculate q(0).
-15
Let a(s) = s**3 - 7*s**2 + 5*s - 12. Calculate a(7).
23
Let l(t) = -1511*t**2 - 15107*t + 24. Determine l(-10).
-6
Let t(s) = -s**3 - 7*s**2 + 14*s + 75. What is t(-8)?
27
Let i(k) = -34*k - 147. Give i(0).
-147
Let p(u) = 3*u**2 - 18*u - 35. Give p(-2).
13
Let o(i) = -359*i + 74667. Calculate o(208).
-5
Let u(z) = -4*z + 37. What is u(4)?
21
Let b(v) = -113*v + 567. Give b(5).
2
Let c(f) = -f**2 - 117*f - 867. Give c(-8).
5
Let b(n) = -n**3 - 13*n**2 - 170*n - 1893. Give b(-12).
3
Let g(u) = 4*u**3 + 4*u**2 - 6*u + 1. What is g(1)?
3
Let k(z) = z**3 - 24*z**2 + 75*z + 589. Determine k(18).
-5
Let y(i) = -60*i + 257. Calculate y(4).
17
Let y(t) = -3*t**3 - 177*t**2 - 173*t + 63. Give y(-58).
5
Let f(a) = -a**3 + 3*a**2 + 3*a + 45. Calculate f(0).
45
Let a(k) = 41*k + 225. What is a(-5)?
20
Let j(m) = -4*m**3 + 22*m**2 + 110*m + 2. Calculate j(-4).
170
Let w(z) = 2*z**3 - 141*z**2 + 947*z - 120. Give w(63).
6
Let i(p) = 2*p**2 - 149*p + 2620. Determine i(46).
-2
Let x(n) = n**3 - 61*n**2 - 117*n + 194. Calculate x(63).
761
Let c(s) = 2175*s + 8681. What is c(-4)?
-19
Let a(n) = -22*n**3 + n**2 + 3*n - 4. Calculate a(-2).
170
Let s(z) = -z**3 + 23*z**2 + 394*z - 27. Give s(-11).
-247
Let a(i) = 6*i**2 - i - 5. Calculate a(4).
87
Let g(m) = -m**2 + 103*m - 2352. Determine g(34).
-6
Let l(o) = o**2 - 32*o - 4782. Give l(-55).
3
Let q(w) = 2*w**3 - 37*w**2 + 130*w - 2861. What is q(19)?
-30
Let z(f) = f**3 + 10*f**2 - 2*f + 14. Calculate z(-11).
-85
Let i(y) = -4*y**2 + 640*y + 778. Give i(161).
134
Let i(j) = -74*j - 1199. Determine i(-16).
-15
Let o(q) = -3*q**3 + 329*q**2 - 1311*q - 4. What is o(4)?
-176
Let c(r) = -2*r**2 - 194*r - 4391. Give c(-36).
1
Let x(g) = g**3 + 21*g**2 + 57*g - 24. Give x(-18).
-78
Let u(i) = 108*i + 1407. Give u(-15).
-213
Let o(x) = x**3 - 27*x**2 + 43*x - 442. What is o(26)?
0
Let f(y) = -239*y + 7. Give f(1).
-232
Let m(b) = -3*b**2 - 104*b - 68. What is m(-34)?
0
Let a(n) = -4*n**3 + 29*n**2 - 59*n + 5. Calculate a(6).
-169
Let m(w) = 325*w + 4552. What is m(-14)?
2
Let a(n) = -227*n - 13161. Determine a(-58).
5
Let b(s) = s**2 + 9*s - 66. Determine b(7).
46
Let h(w) = 3436*w + 54965. Determine h(-16).
-11
Let i(s) = 2*s**2 + 17*s - 37. Give i(-10).
-7
Let n(j) = -9*j**2 - 510*j + 171. What is n(-57)?
0
Let j(v) = v**3 + 32*v**2 - 59*v - 9. Determine j(2).
9
Let r(t) = -42886*t - 257322. Give r(-6).
-6
Let c(f) = 16*f**2 + 927*f - 43. What is c(-58)?
15
Let x(l) = -l**3 - 7*l**2 - 46*l - 255. Determine x(-6).
-15
Let q(m) = 10*m**2 + 34*m + 12. Calculate q(-2).
-16
Let g(m) = 2*m**3 + 12*m**2 + 43*m + 244. Give g(-6).
-14
Let d(w) = w**3 + 4*w**2 + 14*w - 38. Determine d(0).
-38
Let y(o) = -o**3 + 31*o**2 - 32*o + 39. Give y(30).
-21
Let n(a) = -487*a - 15096. Give n(-31).
1
Let p(j) = -155*j - 1241. Give p(-8).
-1
Let v(r) = -r**3 - 17*r**2 - 56*r + 124. What is v(-10)?
-16
Let m(o) = 40*o**3 + 9*o**2 - 19*o + 31. What is m(2)?
349
Let z(u) = -u**3 - 10*u**2 + 88*u + 264. D